
1
Let c(h) = -433*h + 179. What is the units digit of c(-5)?
4
Let d(s) = 8*s**2 + 5*s + 2. Let a be d(6). Suppose 40 = 5*f - a. What is the tens digit of f?
7
Let f(y) = -16*y**2 - 61*y - 14. Let c(b) = -3 - 12*b + 2*b**2 + 0 - 7*b**2 + 2*b**2. Let p(d) = 11*c(d) - 2*f(d). What is the tens digit of p(-6)?
1
Suppose 15*p - 113 = 187. Let l = 61 - p. What is the units digit of l?
1
What is the tens digit of 410/(2 - 0)*(63 + -60)?
1
Let x = -238 - -389. Suppose 2*u - x = -3*w, -78 = -2*w - 4*u + 28. What is the units digit of w?
9
Suppose 2*y = 319 + 503. What is the tens digit of y?
1
Let r(o) = -406*o**3 - o**2 + 2*o + 2. What is the tens digit of r(-1)?
0
Suppose -5*n + 2*q + 360 = 51, 0 = 2*q - 6. What is the tens digit of n?
6
Suppose -3*h - 5*j = -1331, 2*h - 13*j + 14*j = 892. What is the units digit of h?
7
Suppose 0 = -2*b + 235 + 67. What is the tens digit of b?
5
Suppose 0 = y - 7*y + 2232. Suppose 5*f = -4*s + 620, 3*f - 2*s - s - y = 0. What is the hundreds digit of f?
1
Let w(g) = -29*g**3 + 7*g**2 - 4*g + 1. Let m(z) = -59*z**3 + 13*z**2 - 7*z + 2. Let i(o) = 6*m(o) - 11*w(o). What is the tens digit of i(-1)?
3
Let d(g) = 23*g + 17. What is the tens digit of d(15)?
6
Let k = 939 - -3393. What is the hundreds digit of k?
3
Suppose -i - 2*g = -1168, -29*g + 25*g = -3*i + 3544. What is the tens digit of i?
7
Let l(v) = 50*v**2 + 9*v - 79. What is the tens digit of l(5)?
1
Suppose -3*j = 3*o - 19 + 4, -15 = -5*o + 5*j. Suppose -2*b = 4*z - 7*z + 21, 2*b + o*z = 0. What is the units digit of b/(-14) - 5054/(-98)?
2
Let s = 8546 - 3507. What is the thousands digit of s?
5
Suppose 1 = -u + 5. Suppose -u*z = -15*z + 627. What is the tens digit of z?
5
Let x be (-6)/(-4)*12/(-9). Let i be 3/(3/(-4)*x). Let c(n) = 5*n**3 - 2*n**2 + 2*n. What is the tens digit of c(i)?
3
Suppose 49 = -4*k + 353. What is the units digit of k?
6
Suppose -9*k + 64 = 19. Suppose -k*y - 111 = -511. What is the tens digit of y?
8
Let m(f) = 12*f**3 + 3*f**2 - 2. What is the units digit of m(4)?
4
Suppose -2*n + 48 = 6*n. Let t(d) be the third derivative of -d**6/120 + 2*d**5/15 - 7*d**4/24 - 7*d**3/6 + d**2. What is the units digit of t(n)?
3
Let n be (1 + 5)/((-4)/26). Let g = 84 + n. Let f = g + -9. What is the units digit of f?
6
Let p = 99 - 70. Suppose 161 = 2*z + p. What is the tens digit of z?
6
Let a(m) = m**3 - 3*m**2 + 9*m + 1. Let k(n) = n**3 - 7*n**2 + 2*n - 9. Let f be k(7). What is the units digit of a(f)?
6
Let d(v) = -6*v - 11. Suppose 4*t + 3 + 5 = 0. What is the units digit of d(t)?
1
Let p(t) be the first derivative of 19*t**3/3 + 29*t**2/2 - 10*t - 33. What is the tens digit of p(-5)?
2
Suppose -6*i = -i - 265. Suppose 18 - 18 = -6*o. Suppose o = -2*w + 21 + i. What is the units digit of w?
7
Let g(j) = j**2 - 3*j. Let c be g(2). Let v be (-2)/(-1) - (c + 3). Suppose -3*w + 2*i = -17 + v, -5*w + 35 = -5*i. What is the units digit of w?
2
Let p(a) = 82*a - 548. What is the tens digit of p(14)?
0
Let n = 6 - 1. Suppose 0 = w + 2, -n*w + 1 - 35 = -3*r. What is the units digit of r?
8
Let o(v) = -v**2 + 68. Let f be o(-23). Let r = -276 - f. What is the tens digit of r?
8
Let b(a) = -24*a + 224. What is the hundreds digit of b(-19)?
6
Suppose 0 = -5*k + 5 + 10. What is the tens digit of (-18)/54 - (-160)/k?
5
Let y be (2 + -10)/((-1)/4). Let g be (-1)/(-3)*(y - 5). Suppose -2*f - 5 = -g. What is the units digit of f?
2
Suppose -m + 0*f - f = 107, 113 = -m - 3*f. Let k = -69 - m. Let l = 98 - k. What is the tens digit of l?
6
Let n(w) = w**3 - 37*w**2 + 5*w - 108. What is the tens digit of n(37)?
7
Let j(f) = 4*f**2 + 34*f - 65. What is the tens digit of j(6)?
8
Suppose -5*x - 6*q + 2*q + 7 = 0, 5*x - 25 = 5*q. Suppose x*z + 0*z - 9 = 0. What is the units digit of z?
3
Let u be ((-4)/(-6))/(8/516). Let q = u - -31. What is the units digit of q?
4
Let u = 45 - 37. Suppose 62 = a + u. What is the tens digit of a?
5
Let l(x) = 120*x - 99. What is the hundreds digit of l(8)?
8
Suppose 0 = -3*g - 3*f + 1608, -4*f + 1301 = 2*g + 227. What is the units digit of g?
5
Let q = -49 + -11. Let p = -112 - q. What is the units digit of (-27)/18*p/2?
9
Suppose -784 = -8*r + 1352. What is the tens digit of r?
6
What is the tens digit of ((-15)/(-10) - 1)/((-2)/(-10560))?
4
Let v(d) = -d**3 - 5*d**2 - 7*d - 1. Suppose -5 = -5*o + 6*o. What is the tens digit of v(o)?
3
Let z(d) = d**3 - 3*d**2 - 4*d + 1. Let x be z(4). Suppose 2*o = 5*r + 5*o - 20, -2*r - 3*o - x = 0. Let v(t) = 9*t - 7. What is the tens digit of v(r)?
5
What is the units digit of (-37*7/4)/(36/(-432))?
7
Suppose 104 = -28*k + 28160. What is the hundreds digit of k?
0
What is the tens digit of -9*6/(-72) + 112518/24?
8
Suppose -4*x + 681 = -771. Suppose 3*a - x = 18. Suppose 2*c + 9 = a. What is the units digit of c?
9
Suppose -1102*w - 3264 = -1104*w. What is the tens digit of w?
3
Suppose 2*o - 2 = 0, -o = q + q - 311. Suppose -3*w - q = -4*t, 259 = 5*t + 5*w + 39. What is the units digit of t?
1
Suppose 0 = 5*v - 0*o + o + 14, 3*v - 10 = 4*o. Let w(j) = -j**2 - 4*j - 3. Let u be w(v). Suppose f + u = 9. What is the units digit of f?
8
Suppose -2*n + 5*l + 478 = 3*l, 0 = 2*n + 5*l - 492. What is the tens digit of n?
4
Let q = 558 + -189. Suppose -32*f = -29*f - q. What is the units digit of f?
3
Let h(q) = q**2 - 6*q + 104. What is the tens digit of h(-11)?
9
Suppose 0 = -2*u - 42 + 614. Suppose i - u = -90. Suppose 22*x = 26*x - i. What is the units digit of x?
9
Let p(i) = -i**2 - 2*i - 2. Let s be p(-2). Let v be (-24)/s - 0/1. Suppose -2*m + m = -v. What is the tens digit of m?
1
Let n = 114 + -170. Let h = -14 - n. What is the tens digit of h?
4
Let f(c) = 3*c**2 - 13*c + 12. Let x be f(8). Let w = 16 + -12. Suppose o - x = -w*o. What is the units digit of o?
0
Suppose -5*b + 15 = 0, b - 2*b = -4*i + 49. Let w = 8 - -1. Let o = w + i. What is the tens digit of o?
2
Suppose 0 = 2*l + 2*l + 5*n - 26, n - 22 = -5*l. Suppose -2 = -l*p + 2*t, 4*t + 2 = -5*p - 2. Suppose p*x = -x + 1. What is the units digit of x?
1
Suppose -2*j - 4*p + 518 = 0, -4*j + 2*j - 2*p = -526. Let o = j + -158. What is the hundreds digit of o?
1
Suppose 20*u + 28 = 328. What is the hundreds digit of 1*3*1315/u?
2
Suppose -6*f + 8*f = -44. Let o be (f/(-11))/((-2)/16). Let y = 39 + o. What is the units digit of y?
3
Let g(m) = 122*m**3 + 3*m**2 - 5*m + 2. What is the units digit of g(2)?
0
Let n = -21 - 16. Let z = 0 - n. What is the tens digit of z?
3
Let k(o) = 35*o + 4. Let h be k(8). Suppose -4*v + h = -0*v. What is the tens digit of v?
7
Let n(g) = 7*g - 37. Let r be n(7). Let t = 15 - r. What is the units digit of t?
3
Let d(w) = -w + 12. Let x be d(10). Suppose -i - x*o + 93 = 0, -i + o + 81 = -15. What is the tens digit of i?
9
Let d = 198 + -144. What is the tens digit of d?
5
What is the hundreds digit of ((-1550)/75)/((-2)/15)?
1
Let a(w) = w + 15. Let v be a(-15). Suppose v = -5*n - 196 + 11. What is the units digit of (4 + n + 2)*-1?
1
Suppose 483 = -11*a - 1541. What is the tens digit of (-4)/(-6)*-6 - a?
8
Suppose l + 7*h + 27 = 2*h, 5*h = -20. Let o be l/((-28)/16) - -2. What is the units digit of -1*(o - 4)/(-2)?
1
Suppose -59*o - 37219 = -72*o. What is the units digit of o?
3
Suppose -18*p = -17*p - 231. What is the units digit of p?
1
Let s(b) = 11*b**2 + b. Let g be s(-1). Suppose g = -4*a + 3*a. Let i = a + 35. What is the units digit of i?
5
Let s(i) = i**3 - i**2 - i + 1. Let w(a) = 4*a**3 - 7*a**2 + 4. Let d(t) = -5*s(t) + w(t). Let n = 0 - 4. What is the tens digit of d(n)?
1
Suppose 564 = -2*d - 5*r + 2087, -3890 = -5*d + 4*r. What is the hundreds digit of d?
7
Let l(p) = p**3 + 17 + 3*p - 56 - 7*p**2 + 29. Suppose -6*o + o + 35 = 0. What is the tens digit of l(o)?
1
Let x be ((-1 - -2)*(-483 - -1))/(-2). Let t = x + -116. What is the hundreds digit of t?
1
Let y(p) = -119*p - 11. What is the units digit of y(-12)?
7
Suppose -3*b + 12 = 0, b = p + 3*b - 455. What is the units digit of p?
7
Suppose -4*m + 8 = 4*f, 11 + 15 = 5*f + m. Let g(w) = 6*w**2 - 11*w + 9. What is the tens digit of g(f)?
5
Suppose -38*o + 1469 = -37*o. What is the hundreds digit of o?
4
Suppose -19*g = -15*g - 8. What is the units digit of (-3)/((-9)/g) + 950/6?
9
Let n(d) = -d**3 + 5*d**2 + 6*d + 8. Let s be n(6). Supp